*2. What is the units digit of y(-5)?
6
Suppose -46 = -3*p + 2*c, -2*p = -c + 2*c - 33. What is the units digit of p?
6
Let r be 116/24 + (-1)/(-6). Suppose -r*b = -16 - 9. What is the units digit of b?
5
Suppose 0 = -3*p + 9 + 6. Let a(i) = i**3 - 4*i**2 - i + 2. What is the tens digit of a(p)?
2
Let i = -5 - -5. Suppose 0*p + p + 19 = 3*t, i = 4*p - 4*t + 44. Let y(x) = x + 9. What is the units digit of y(p)?
2
Let c(k) = k - 5. Let d(s) = -s + 5. Let t(i) = -7*c(i) - 6*d(i). Suppose 4*b - 4*v = 4, -3*v = 4*b - 6*v - 3. What is the units digit of t(b)?
5
Let i(p) = p**2 - 1. Let q be i(1). Suppose 2*h = g - 4, q*g + 5*g = 2*h + 20. Suppose -4*s + 4 + 0 = h, -5*y + 2*s = -18. What is the units digit of y?
4
Let x(n) = -16*n. What is the tens digit of x(-2)?
3
Suppose 3*a = -3 + 57. What is the tens digit of a?
1
Let n(t) = 5*t**2. Let v be n(-1). Let k(x) = 4*x + 5. Let b be k(v). Suppose -2*l = -2*d + 24, 2*l + b = 2*d + l. What is the units digit of d?
3
Let h(o) = 3*o**2 + 2*o + 1. Suppose -22 = 2*x - 5*w, -3*x - 11 = -w - 4. Let d be h(x). Suppose -d*u + 0*u + 14 = 0. What is the units digit of u?
7
Let u(o) = 2*o - 2*o + 7*o**2. What is the units digit of u(1)?
7
Let i(j) = -2*j**2 - 5*j - 6. Let s be i(-4). Let p = -7 - s. What is the units digit of p?
1
What is the tens digit of ((-72)/(-32))/(1/24)?
5
Let z = -111 + 171. What is the tens digit of z?
6
Suppose 5*i = -5*o + 45, -5*i = 3*o - 16 - 29. What is the units digit of i?
9
Let b = -6 + 6. Let k = b - -3. Suppose -5*a = q + k - 93, 5*a - 4*q = 65. What is the tens digit of a?
1
Suppose -h = -3*h - 226. Let q = 160 + h. What is the units digit of q?
7
Let x(k) = 4*k**3 + k**2 - k + 1. Let f be x(1). Suppose 0*v - 4*v + 3*d + 43 = 0, 0 = f*d + 5. What is the tens digit of v?
1
Let j = -103 + 152. What is the tens digit of j?
4
What is the units digit of 2/(-4) + 25/2?
2
Let v(a) = -149*a**3 - a**2 - a. Let u be v(-1). Suppose -7*f + u = -2*f - 3*r, 3*f = -5*r + 69. What is the tens digit of f?
2
Let i be 2/5 - 12/30. Suppose -3 = -g - i. Suppose -g*d + 32 = 8. What is the units digit of d?
8
Let p = -308 + 483. What is the tens digit of p?
7
Let d(t) = -t**2 - 6*t + 6. What is the tens digit of d(-5)?
1
Suppose -3*b = -3*y - 30, -5*y - 2 - 9 = -2*b. Let k be b/2 + 2/(-4). What is the units digit of 1/k - (-41)/6?
7
Suppose -4*i + 15 = i. Suppose -4 + 1 = -i*n + 3*v, n + 15 = 5*v. Suppose 25 + 5 = n*k. What is the units digit of k?
6
Suppose 551 = 4*q - 217. What is the units digit of q?
2
Let k be (3 - 2)*68/(-4). Let h be 2/(24/9 - 2). Let s = h - k. What is the units digit of s?
0
Suppose 0 = -3*y + 239 - 95. What is the tens digit of y?
4
Let s be 26/(-7) + (-2)/7. Let u(x) = -5*x**2 - 1 - x**3 + 2 + 3 - 5*x. What is the units digit of u(s)?
8
Let m = 31 - 17. What is the units digit of m?
4
Let x = 35 + -20. Suppose x + 30 = 3*d. Let j = d + -2. What is the units digit of j?
3
Suppose 2*x + 124 = 5*m - 2*x, -m - x = -23. What is the units digit of m?
4
Let g = -11 - -11. What is the units digit of (-1 + g/3)*-9?
9
Let p(z) = z**3 + 9*z**2 - 2*z - 1. What is the units digit of p(-4)?
7
Suppose -3*u + 2*d = -104, u - 12 = -5*d - 0. What is the units digit of u?
2
Let f = -30 - -70. Suppose f = -4*m - 24. Let b = m - -22. What is the units digit of b?
6
Suppose -4*m - 3 - 5 = 2*z, -5*m - 17 = -z. Let o = z + 2. Suppose -o*s = s - 40. What is the units digit of s?
8
Suppose -2*s + 4*l - 3*l = -9, -20 = 4*l. Suppose -5*z - 3*r = -s - 9, r + 23 = 5*z. What is the units digit of z?
4
Suppose -20 = 5*v, 0*o + 3*o - 61 = v. Suppose 0 = -0*z - 3*z + 5*m + 29, -z - 3*m = -o. What is the units digit of z?
3
Let v(k) = 5*k - 9. Suppose -w = -4*s - 0*w + 48, 0 = -5*w. Let x be v(s). Suppose 3*c - x = 3*i, 4*c - i - 48 = -2*i. What is the units digit of c?
3
Suppose -3*m = 2*m - 5. Let f = m + 0. What is the units digit of f?
1
Let n(t) = 3*t + 5. Suppose -1 + 21 = 4*k. What is the units digit of n(k)?
0
Let a(p) = 6*p - 2. Let g be a(9). Suppose 4*d - 84 = 5*c + g, -4*c = 5*d - 170. What is the tens digit of d?
3
Let m = -20 + 28. Suppose -m*g + 4*c = -3*g - 40, 4*g - 5*c = 32. What is the units digit of g?
8
Suppose 9*o = 4*o + 75. What is the units digit of o?
5
Suppose 0*k - 20 = -k. Suppose 5*q - 144 = -2*h, k = 3*q - 2*h - 60. What is the units digit of q?
8
Let t(s) = 1 + 4 - s - 3. Let y be t(2). Suppose -20 = -4*n - 2*i, 4*n - 4*i + 9*i - 8 = y. What is the units digit of n?
7
Suppose -9 = -0*q - 3*q. Let j(z) = -z**3 + 4*z**2 - z - 3. Let d be j(q). Suppose 0 = 3*m - 12, -l + d*m = -m + 2. What is the units digit of l?
4
Let a(s) = 4*s**2 + 3*s + 2. Let w be a(-4). Suppose -3*c + 5*x + 54 = 0, -4*c + 7*c - 2*x = w. What is the units digit of c?
8
Let w(z) = z**3 - 6*z**2 + 6. Suppose -x - 8 = 1. Let j = -3 - x. What is the units digit of w(j)?
6
Let d(p) = -p**3 - p**2 - 2*p - 20. Let h be d(0). Let a = 3 - h. What is the units digit of a?
3
Let d = 14 - 1. What is the units digit of d?
3
Let c(b) = 174*b**2 - b - 1. What is the hundreds digit of c(1)?
1
Suppose 2*s - 122 = 2*j, -s = -0*s + 2*j - 73. What is the tens digit of s?
6
Let t = -5 - -10. Let p = -1 + t. Suppose w = -p*u + 2, -7 - 11 = -w + 4*u. What is the tens digit of w?
1
Suppose -132 = 8*r - 11*r. What is the tens digit of r?
4
Let q = 13 - -7. What is the units digit of q?
0
Suppose -p = -0*p - 37. Suppose -3*n - 7 = -p. What is the tens digit of n?
1
Suppose 5*j - f + 3*f + 27 = 0, -j = 2*f - 1. What is the units digit of (-4)/10 - j/5?
1
Let t be -1 - -5 - 0/(-1). Suppose 0 = -0*k - t*k - 32. Let z = k - -12. What is the units digit of z?
4
Let o be (9/(-2))/((-3)/(-18)). Let d be 68/(-18) - (-6)/o. What is the units digit of (d/(-10))/((-1)/(-5))?
2
Let m(w) = w**2 - 8*w + 7. Let u be m(7). Suppose -3*f + 2*f = u. Suppose -h + 5 + 5 = f. What is the tens digit of h?
1
Suppose -p + 0*p = -2. Let k(m) = -4*m - 2. Let i be k(p). What is the units digit of (8/10)/((-2)/i)?
4
Let l be 21/(-12) - 9/(-12). What is the units digit of l + -1 - (-85)/5?
5
Let y(n) = -n**3 + n**2 + 5*n + 4. What is the units digit of y(-3)?
5
Suppose -g - 3*g = -92. What is the units digit of g?
3
Suppose 0 = -5*n - 56 + 266. What is the units digit of n?
2
Let i(l) = 15*l + 1. What is the units digit of i(2)?
1
Suppose 288 = 4*d - 4*m, -213 = -3*d - 0*m + 2*m. What is the units digit of d?
9
Let s = -176 - -351. What is the hundreds digit of s?
1
Let x(t) = t - 8. Let u be x(0). Let q be (u - -2)/((-2)/1). Suppose 0 = q*w - 3 - 9. What is the units digit of w?
4
What is the tens digit of 10120/35 + (-4)/28?
8
Let r(b) = b**3 + b**2 + 4*b + 11. What is the units digit of r(0)?
1
Let q(y) = 0 + 3 - 27 + 7*y - 3. Let c(s) = -11*s + 41. Let i(p) = -5*c(p) - 8*q(p). What is the units digit of i(0)?
1
Let t be -2 - 1*(1 + -4). Let r be t*2 - (-14 - -4). Suppose -m - 6 = -2*m + 2*v, 0 = 2*m - 5*v - r. What is the units digit of m?
6
Let n(w) = -4*w**2 + 17*w + 36. Let o(f) = -f**2 + 6*f + 12. Let v(d) = -2*n(d) + 7*o(d). What is the tens digit of v(-9)?
2
Suppose 0 = 5*n - 5*t - 45, -2*t - 30 = -3*n - 2*n. Suppose -20 = 3*u + 4*p + 6, -n*p - 2 = -u. Let y(h) = -h**2 - 7*h + 8. What is the units digit of y(u)?
4
Let j(d) = d + 24. Suppose x = 4*x. What is the units digit of j(x)?
4
Suppose -5*t - 2*o + 8 + 7 = 0, -3*o + 12 = 4*t. Suppose 23 = 2*h - t*f, 0*h - 3*f - 3 = 3*h. Let n = h - 2. What is the units digit of n?
2
Let j = 2 + 2. Suppose 6*z - 8 = 2*z. Suppose -z*n = 0, -2*t = -6*t - j*n + 32. What is the units digit of t?
8
Suppose 3*x - 17 = -2*p, -p + 12 = -3*x + 8*x. Let t = 2 + 7. Let a = t + p. What is the tens digit of a?
1
Let k(y) = 9*y**3 + 2*y**2 - 3*y - 7. What is the units digit of k(3)?
5
Let f(x) = x**2 + 6*x + 4. Let t(m) = 2*m + 4. Let w be t(-4). Let z be f(w). Let d = 11 + z. What is the units digit of d?
7
Let j be 90/24 + 9/(-12). Suppose -2*f = -4*x - 32 + 2, 0 = -x + j. What is the units digit of f?
1
Suppose -h - 5*p + 4 = 2, -4*p + 38 = -2*h. Let c = h + 6. Let j = 12 + c. What is the units digit of j?
5
Let g be ((-4)/(-6))/(3/(-72)). Suppose -37 = 5*i - 162. Let t = g + i. What is the units digit of t?
9
Let h = 19 + -10. What is the units digit of h?
9
Let c = 12 + -7. What is the units digit of c?
5
Suppose r 